omposite?
False
Is 147507403 a composite number?
False
Is 462821 prime?
False
Is 1218203171 prime?
True
Is 6056831 composite?
True
Is 1661539 a prime number?
False
Is 31547941 prime?
False
Is 68097923 a composite number?
False
Is 10119731 composite?
False
Is 102874133 a composite number?
True
Is 55132421 a prime number?
False
Is 4816339 a prime number?
False
Is 31701239 a prime number?
True
Is 14084863 composite?
True
Is 1435455479 prime?
False
Is 1074981 prime?
False
Is 14962487 composite?
False
Is 16709563 prime?
False
Is 28084529 a prime number?
False
Is 8684147 a prime number?
True
Is 6043813 prime?
False
Is 801761 prime?
True
Is 350865341 prime?
True
Is 11859101 a composite number?
False
Is 23597369 composite?
False
Is 360089 a prime number?
True
Is 1050711 composite?
True
Is 2501897 a prime number?
True
Is 23893061 a composite number?
True
Is 3872681 prime?
True
Is 1423111 prime?
True
Is 10879573 prime?
True
Is 40432087 prime?
True
Is 724640009 prime?
False
Is 883827833 prime?
False
Is 14475387 prime?
False
Is 14519759 prime?
False
Is 84209065 a prime number?
False
Is 598505 composite?
True
Is 167449937 a prime number?
False
Is 3045259 prime?
False
Is 899189 a composite number?
False
Is 34294971 a prime number?
False
Is 652721 composite?
True
Is 42650177 prime?
False
Is 149258921 a prime number?
False
Is 8225221 prime?
False
Is 16739161 a prime number?
False
Is 9507241 prime?
True
Is 13192991 prime?
False
Is 756061 a prime number?
False
Is 1477027 composite?
False
Is 13625323 a composite number?
False
Is 32520963 a prime number?
False
Is 6725827 a prime number?
True
Is 1503119 a composite number?
True
Is 556999643 composite?
False
Is 20176769 a composite number?
False
Is 5080637 prime?
False
Is 228367435 composite?
True
Is 8175065 a composite number?
True
Is 3190531 a prime number?
False
Is 4108462 prime?
False
Is 216219 a composite number?
True
Is 5352283 composite?
False
Is 452227 a composite number?
False
Is 1931561 prime?
False
Is 2176897 composite?
True
Is 5024501 prime?
False
Is 8146169 a composite number?
False
Is 20771269 prime?
True
Is 5680733 prime?
True
Is 248376439 prime?
False
Is 3015823 a composite number?
True
Is 61532066 composite?
True
Is 115463371 composite?
True
Is 5600131 prime?
True
Is 14818719 composite?
True
Is 9811513 composite?
True
Is 72071743 a prime number?
False
Is 2838761 a prime number?
False
Is 23780469 a prime number?
False
Is 16093249 composite?
True
Is 51547093 composite?
True
Is 145238263 a composite number?
True
Is 21807241 a prime number?
True
Is 320461 a composite number?
True
Is 2196203 a composite number?
True
Is 9035153 a composite number?
True
Is 7769521 composite?
True
Is 48232073 prime?
False
Is 10181357 a prime number?
True
Is 10079653 a composite number?
False
Is 166097807 composite?
False
Is 18754607 prime?
True
Is 25506233 composite?
False
Is 70221593 a composite number?
True
Is 8284033 composite?
False
Is 648103 a composite number?
True
Is 279840229 a prime number?
True
Is 467851 prime?
False
Is 60976753 a prime number?
True
Is 32753155 a prime number?
False
Is 1041193 a composite number?
True
Is 9870689 a prime number?
False
Is 219202513 prime?
False
Is 3305959 prime?
True
Is 16040041 a prime number?
False
Is 2669791 composite?
True
Is 190771 a composite number?
True
Is 1075391 a prime number?
True
Is 59839751 a prime number?
True
Is 650179 prime?
True
Is 27936357 a prime number?
False
Is 1392746 prime?
False
Is 51673 prime?
True
Is 4517389 a composite number?
True
Is 2749277 prime?
True
Is 5308877 composite?
True
Is 71597951 prime?
True
Is 16384979 composite?
True
Is 18282449 a composite number?
True
Is 42395341 a composite number?
False
Is 1635854705 a composite number?
True
Is 90222989 prime?
False
Is 35971 composite?
True
Is 598931 composite?
False
Is 27620771 composite?
True
Is 1187837 composite?
True
Is 6821167 a prime number?
False
Is 126419 a composite number?
True
Is 10511063 composite?
False
Is 1644163 composite?
False
Is 25781539 composite?
True
Is 686654 prime?
False
Is 22822013 prime?
True
Is 4632647 composite?
False
Is 155876341 a composite number?
False
Is 165016429 prime?
True
Is 282157 a composite number?
False
Is 6200227 a composite number?
True
Is 75916403 a composite number?
True
Is 7311869 a prime number?
False
Is 468563 a composite number?
True
Is 7347331 a prime number?
False
Is 60596009 a prime number?
False
Is 1119947 composite?
False
Is 529054 a composite number?
True
Is 9425921 a composite number?
True
Is 6583249 composite?
False
Is 3176597 prime?
True
Is 7164013 composite?
True
Is 170565511 prime?
False
Is 985903 composite?
False
Is 8884067 composite?
False
Is 1410393 prime?
False
Is 11074243 prime?
True
Is 35133973 a prime number?
False
Is 123618991 prime?
True
Is 2335481 prime?
True
Is 73201367 a composite number?
False
Is 12753379 a composite number?
False
Is 200323547 a prime number?
False
Is 925362283 a prime number?
False
Is 12418979 composite?
True
Is 7143511 prime?
False
Is 2057569 composite?
False
Is 39362113 a composite number?
True
Is 2908603 composite?
True
Is 222793099 a prime number?
False
Is 298169 composite?
False
Is 233703133 composite?
False
Is 5440793 composite?
False
Is 54959459 a composite number?
False
Is 2280481 a composite number?
True
Is 5798329 a composite number?
True
Is 712031 a composite number?
True
Is 1056953 prime?
False
Is 149958791 a prime number?
True
Is 37440551 a composite number?
False
Is 2262619 prime?
True
Is 3975193 a prime number?
True
Is 54265789 prime?
True
Is 619111 a prime number?
True
Is 7245013 a composite number?
True
Is 43348577 a prime number?
False
Is 72307 a prime number?
True
Is 2478937 prime?
True
Is 5084941 prime?
False
Is 522013217 a prime number?
False
Is 2680793 a composite number?
True
Is 24615706 a composite number?
True
Is 188077927 prime?
True
Is 7798697 composite?
True
Is 4271987 a prime number?
False
Is 17870059 a composite number?
False
Is 283051247 a composite number?
True
Is 221158697 a composite number?
False
Is 86884393 a prime number?
True
Is 7324549 prime?
True
Is 183072703 prime?
False
Is 3520351 prime?
True
Is 1527337 composite?
True
Is 215514997 a prime number?
False
Is 633007 prime?
False
Is 10071163 prime?
True
Is 29817353 a composite number?
False
Is 62787 prime?
False
Is 3051163 prime?
False
Is 41568047 a prime number?
True
Is 32727887 prime?
False
Is 62530763 composite?
True
Is 1733381 a prime number?
False
Is 25929719 a prime number?
True
Is 12804019 a composite number?
False
Is 20616769 a composite number?
True
Is 16535021 composite?
True
Is 17909057 a composite number?
False
Is 24250349 a prime number?
False
Is 7631123 composite?
False
Is 15727069 a composite number?
False
Is 21121937 a composite number?
False
Is 34049989 a prime number?
True
Is 13192321 composite?
False
Is 79057007 a prime number?
True
Is 4866073 composite?
False
Is 4311799 a prime number?
False
Is 18752951 prime?
False
Is 1614553 a composite number?
False
Is 166117957 composite?
True
Is 470021 a composite number?
False
Is 1372493 composite?
False
Is 15137449 composite?
True
Is 1327181 composite?
False
Is 18624449 composite?
False
Is 696413 a prime number?
True
Is 317197073 a composite number?
False
Is 22236911 a composite number?
True
Is 351218369 a composite number?
False
Is 2109391 prime?
True
Is 167483041 a prime number?
False
Is 2203351 prime?
True
Is 64570669 a prime number?
False
Is 23853541 a prime number?
False
Is 99961313 a composite number?
True
Is 3578791 prime?
True
Is 1507321 composite?
False
Is 2777833 prime?
True
Is 161902843 a prime number?
True
Is 98177327 prime?
False
Is 43764461 a composite number?
True
Is 232144153 a prime number?
True
Is 3761413 a prime number?
True
Is 2764157 prime?
False
Is 2800151 a prime number?
False
Is 2730569 a prime number?
True
Is 4481041 prime?
True
Is 37577 composite?
True
Is 2484509 prime?
True
Is 48823627 a prime number?
False
Is 40558897 a prime number?
False
Is 20034185 composite?
True
Is 7260517 a composite number?
True
Is 72910595 prime?
False
Is 16069178 prime?
False
Is 317027163 composite?
True
Is 6927667 prime?
True
Is 4215389 composite?
False
Is 1100243 a composite number?
False
Is 425446355 a composite number?
True
Is 68414603 prime?
True
Is 5097